ppose 4*n - 12 = 0, -4*d + 7736 = -4*n - 5968. Calculate the remainder when d is divided by 98.
97
Let b = -1684 - -1640. Suppose 2*v = 14 + 34. Let k = v - b. Calculate the remainder when k is divided by 14.
12
Suppose 0 = 5*p - 783 - 167. Let b = 42809 - 42785. What is the remainder when p is divided by b?
22
Let p(x) = -x**2 + 25*x + 176. What is the remainder when 549 is divided by p(0)?
21
Suppose 196*v - 39410 + 6482 = 0. Calculate the remainder when 354 is divided by v.
18
Suppose 2*x + 3*p - 8 = 0, 0 = -x + 132*p - 130*p + 18. Calculate the remainder when 457 is divided by x.
7
What is the remainder when -2220*(-1)/(10/1)*(31 - 23) is divided by 112?
96
Let o = -13463 + 13859. Calculate the remainder when o is divided by 370.
26
Let n(q) = -53*q - 80. Suppose 5*i = 3*g - 479, 2*i = 5*g - i - 777. Calculate the remainder when g is divided by n(-2).
23
Suppose 0 = -p + 5*n + 1411, 0 = 5*p + 22*n - 27*n - 7095. Calculate the remainder when p is divided by 22.
13
What is the remainder when ((-24)/(-2436)*87)/((-2)/(-1484)) is divided by 93?
78
Let j = 20775 - -433. What is the remainder when j is divided by 14?
12
Let x(y) = 186*y - 176. Calculate the remainder when x(1) is divided by 10.
0
Suppose 0 = 3*j + i - 220 + 42, -4*i = -j + 81. Suppose 2*h - 5*o - j = 0, -5*h + 5*o - 103 + 278 = 0. What is the remainder when h is divided by 4?
2
Suppose b + 84 = -b. Let a = 42 + b. Suppose a = -40*c + 41*c - 7. What is the remainder when c is divided by 2?
1
Let y(c) = c**2 + 22*c - 21. Let u be y(-23). Suppose -n = -r + 1 - 13, -u*r + 60 = 4*n. Calculate the remainder when 67 is divided by n.
11
Suppose -41*r + 1866 = -2231 - 1028. Calculate the remainder when r is divided by 40.
5
Suppose 17*v + 19*v - 21744 = 0. Calculate the remainder when v is divided by 123.
112
Suppose -3*x - 153 = 10*l - 634, -5*x + 5*l + 910 = 0. What is the remainder when 603 is divided by x?
72
Let i be (-254)/6 - (-14)/(-21). Let c be 4/30 - i/15. Let w = c + 13. What is the remainder when 59 is divided by w?
11
Let a(c) = c**2 + 7*c - 16. Let y be a(14). Let q = -159 + y. Suppose -10*n + q = -3*n. What is the remainder when 47 is divided by n?
13
Let w(u) = u**3 + 5*u**2 - 33. What is the remainder when 1635 is divided by w(3)?
36
Calculate the remainder when ((-171)/(-18))/(8/336) is divided by 40.
39
Suppose 3*m + 19 = -3*d + 94, 2*m = 2*d - 30. Suppose 2*z = d*z - 1440. What is the remainder when z is divided by 28?
24
What is the remainder when (-2)/4 - (-49)/(-14) - (-7 - 173) is divided by 112?
64
Suppose -2184 = 31*y - 34*y. Let z = y + -706. Calculate the remainder when 131 is divided by z.
21
Suppose 9*t - 62*t = 7*t - 3000. What is the remainder when 490 is divided by t?
40
Suppose -2*v - 562 = -q, 0 = -5*q - 3*v + 1056 + 1780. What is the remainder when q is divided by 63?
62
What is the remainder when (-2)/(8996/(-897) + 10) is divided by 7?
6
Let l be (-5)/10*(-1 - 9). Suppose l*b - 28 = -2*b. Let d = 6 - b. Calculate the remainder when 6 is divided by d.
0
Suppose 11*d + 2*h = 8*d + 329, -h - 210 = -2*d. What is the remainder when 264 is divided by d?
50
Let i be -3*(6/6 + -6). Let n(b) = -17*b + 292. Calculate the remainder when 220 is divided by n(i).
35
Let o(n) = 14*n - 8. Let c be o(8). Suppose 2*q = -c + 166. What is the remainder when 246 is divided by q?
29
Suppose 24654 = -105*w + 98364. What is the remainder when w is divided by 2/(-4)*-2 - -10?
9
Let m be (-10)/(1*(-4)/68). Let l = m + -117. Let r = 99 - l. Calculate the remainder when r is divided by 12.
10
Suppose -4*j + 1583 = 4*b + 175, -4*j + 1420 = 6*b. Calculate the remainder when 349 is divided by j.
3
Let k(u) = u**3 + 4*u**2 + 221*u + 1148. What is the remainder when 3957 is divided by k(-5)?
15
Suppose 0 = -118*s + 4555 + 11847. Calculate the remainder when 300 is divided by s.
22
Let l(p) = p**2 - 33*p + 180. Let c be l(8). What is the remainder when 78 is divided by c/6*60/(-40)?
3
Suppose 60*f - 2014 = 45806. Calculate the remainder when f is divided by 6.
5
Let n = -3522 - -4577. Calculate the remainder when n is divided by 133.
124
Let u(r) be the second derivative of -10*r**3/3 - 13*r**2 + 2*r - 2. Calculate the remainder when 132 is divided by u(-3).
30
Suppose 3*p = 4*p. Suppose o = -p - 25. Let d = 102 + o. Calculate the remainder when d is divided by 26.
25
Suppose 3*c = 6, -3*c + 4318 - 4337 = -5*a. Let s(g) = g**3 - 7*g**2 + g + 11. Calculate the remainder when s(8) is divided by a.
3
Let u = -39 - -41. Suppose u = -w + 7, -w = 3*r - 20. Suppose 3*s = r*o + 5*s - 115, -5*o + 115 = -2*s. Calculate the remainder when o is divided by 10.
3
Let f(b) = -b**3 - 34*b**2 - 36*b - 101. Let i be f(-33). Calculate the remainder when 137 is divided by i + (132/10)/((-24)/(-80)).
11
Let s be (-1683)/(-132)*(-4)/(-1). Let a = s + -47. Suppose 3*i = 5*i - 18. Calculate the remainder when i is divided by a.
1
Suppose -98*o + 1691 = -1347. Let u(n) = 122*n**3 - n**2 + 1. What is the remainder when u(1) is divided by o?
29
Suppose 168 = -23*q + 65*q. Suppose 4*m - q*x + 3 = 23, -m - 7 = 5*x. Let b(c) = c + 14. What is the remainder when b(-6) is divided by m?
2
Suppose 49 = u + 4*o + 28, 8 = -2*o. Calculate the remainder when (-15)/2*(-1568)/40 is divided by u.
35
Suppose -51*w + 811 = 1483 - 9597. Calculate the remainder when 840 is divided by w.
140
Let y = 130 - 326. Let a = -103 - y. Calculate the remainder when a is divided by 29.
6
Let d(x) = -8*x - 47. Let j be d(-6). Calculate the remainder when 134 is divided by (4 - (-2 + j))*(-552)/(-60).
42
Let v be 29*6 - (1 - 7). Let p = v - 169. What is the remainder when 52 is divided by p?
8
Let k be (-1 - (-24)/3)/(3/36). What is the remainder when 16 is divided by 1204/k - ((-20)/(-6) + -2)?
3
Let x = 146 + -142. Suppose 0*y + 3*y - x*v = 32, 3*v = 3*y - 33. What is the remainder when 46 is divided by y?
10
Calculate the remainder when (-1532)/8*216/(-18) is divided by 13.
10
Suppose -2*h + 271 = 3*x, 4*h - 2*x - 181 = 401. Calculate the remainder when 458 is divided by h.
29
Suppose 35*d - 913 = 207. Suppose -5*n - 470 = -5*a, a + 4*n = 108 - 19. What is the remainder when a is divided by d?
29
Calculate the remainder when 490 is divided by (-6 - 3 - -7) + 57.
50
Suppose -5*s = 2*z + 43 - 77, s - 34 = -2*z. What is the remainder when 183 is divided by z?
13
Let d = -812 + 812. Suppose 4*j = q - 339 + 3264, -j + q + 729 = d. Calculate the remainder when j is divided by 35.
32
Let y(i) = 0 - i - 14*i**2 + 18*i**2 - 7 - 10*i + i**3. Calculate the remainder when 35 is divided by y(-5).
12
Let t = 6281 - 6249. Calculate the remainder when 14367 is divided by t.
31
Let n(q) = -7*q**3 - 202*q**2 + 24*q - 134. Let f(t) = 3*t + 7*t**2 + 4 + t - t - t**3. Calculate the remainder when f(4) is divided by n(-29).
9
Suppose 2*g + 3*o - 16 = 0, 9*o - 8*o = -2*g + 12. Suppose 2*k + 2*k - a = 28, -k + g*a = 12. Calculate the remainder when k is divided by (-2)/(-4)*(1 + 9).
3
Suppose 0 = -5*h + 199 + 151. Let g = h + -66. Suppose -5*c + 157 = 2*d, -6*d + 4*d + g*c + 166 = 0. What is the remainder when d is divided by 28?
25
Suppose 4*a - 101 = 5*z - 28, a + 4*z + 8 = 0. Let j = -8 + a. Let t = 1339 - 1322. Calculate the remainder when t is divided by j.
1
Let c be 1*((-1 - -1) + -9). Let d = -2849 - -2859. What is the remainder when (c/(-6) - 1)*52 is divided by d?
6
Suppose -8*o = 1 - 25. Suppose -c = 3*p - 63, p + 25 = o*p - 5*c. Let i = 44 - 30. Calculate the remainder when p is divided by i.
6
Suppose f - 231 + 186 = 0. What is the remainder when f is divided by 24?
21
Let i(h) = -10*h**3 - 25*h**2 + 5*h - 11. Calculate the remainder when i(-6) is divided by 3.
1
Let q(u) = 3*u**3 - 4*u**2 + 6*u + 2. Let i be q(2). Suppose 2*a = g + i, g - 13 = -2*a + 1. Calculate the remainder when 204 is divided by a.
6
Let s = 22 + -13. Let v(t) = -36 + 10 + 19 + 32*t + s. What is the remainder when v(1) is divided by 18?
16
Suppose 347*w + 4*i = 343*w + 1248, -w + 3*i = -292. Calculate the remainder when w is divided by 153.
1
Suppose 6726 = 4*r + 9*x, 4*r = -2*x - 3171 + 9911. What is the remainder when r is divided by 28?
6
Suppose -31*m + 374 + 680 = 0. Let n = -3 - -2. What is the remainder when m is divided by -2*n/((-2)/(-9))?
7
What is the remainde